{"id":1572,"date":"2026-01-16T20:38:32","date_gmt":"2026-01-16T19:38:32","guid":{"rendered":"http:\/\/bonsai-club-reims.fr\/?page_id=1572"},"modified":"2026-01-16T20:38:32","modified_gmt":"2026-01-16T19:38:32","slug":"federation-francaise-de-bonsai","status":"publish","type":"page","link":"http:\/\/bonsai-club-reims.fr\/?page_id=1572","title":{"rendered":"F\u00e9d\u00e9ration Fran\u00e7aise de Bonsa\u00ef"},"content":{"rendered":"\n<p>Retrouvez toutes les activit\u00e9s de notre f\u00e9d\u00e9ration sur ce lien : https:\/\/ffbonsai.com\/<\/p>\n\n\n\n<figure class=\"wp-block-gallery has-nested-images columns-default is-cropped wp-block-gallery-1 is-layout-flex wp-block-gallery-is-layout-flex\">\n<figure class=\"wp-block-image size-large\"><img loading=\"lazy\" decoding=\"async\" width=\"210\" height=\"100\" data-id=\"1573\" src=\"http:\/\/bonsai-club-reims.fr\/wp-content\/uploads\/2026\/01\/LOGO_FFBonsai_Final-top210x100.jpg\" alt=\"\" class=\"wp-image-1573\"\/><\/figure>\n<\/figure>\n","protected":false},"excerpt":{"rendered":"<p>Retrouvez toutes les activit\u00e9s de notre f\u00e9d\u00e9ration sur ce lien : https:\/\/ffbonsai.com\/<\/p>\n","protected":false},"author":1,"featured_media":0,"parent":0,"menu_order":0,"comment_status":"closed","ping_status":"closed","template":"","meta":{"footnotes":""},"_links":{"self":[{"href":"http:\/\/bonsai-club-reims.fr\/index.php?rest_route=\/wp\/v2\/pages\/1572"}],"collection":[{"href":"http:\/\/bonsai-club-reims.fr\/index.php?rest_route=\/wp\/v2\/pages"}],"about":[{"href":"http:\/\/bonsai-club-reims.fr\/index.php?rest_route=\/wp\/v2\/types\/page"}],"author":[{"embeddable":true,"href":"http:\/\/bonsai-club-reims.fr\/index.php?rest_route=\/wp\/v2\/users\/1"}],"replies":[{"embeddable":true,"href":"http:\/\/bonsai-club-reims.fr\/index.php?rest_route=%2Fwp%2Fv2%2Fcomments&post=1572"}],"version-history":[{"count":1,"href":"http:\/\/bonsai-club-reims.fr\/index.php?rest_route=\/wp\/v2\/pages\/1572\/revisions"}],"predecessor-version":[{"id":1575,"href":"http:\/\/bonsai-club-reims.fr\/index.php?rest_route=\/wp\/v2\/pages\/1572\/revisions\/1575"}],"wp:attachment":[{"href":"http:\/\/bonsai-club-reims.fr\/index.php?rest_route=%2Fwp%2Fv2%2Fmedia&parent=1572"}],"curies":[{"name":"wp","href":"https:\/\/api.w.org\/{rel}","templated":true}]}}